17 = 0, 5*a + 2 = 3*a. Suppose -2*h + 4*h - 2*l = 8, -8 = h - k*l. Let r(v) = -2*v**2 - 5*v - 12 + 2*v**2 + v**2 + 2. Calculate r(h).
4
Let r be -3 - 0/((-18)/(-6)). Let t(g) = 4*g + 2. Determine t(r).
-10
Let r(d) = 4*d + d**2 + 37 - 23 - 22. Let a be r(-5). Let i(l) = 2*l**2 + 3*l - 3. Give i(a).
6
Let c(z) = 1 - 2*z - 3*z + 4*z. Let j(r) = -r**3 + 7*r**2 - 2*r - 17. Let a be j(6). Suppose 6*m - a*m + 5 = 0. Determine c(m).
-4
Let x(p) = 2*p + 3. Let a(r) = 13*r + 6. Let u(j) = a(j) - 6*x(j). What is u(0)?
-12
Let l(n) = -2*n - 10. Let x be l(-5). Let s(u) = -2*u + 2. Let g(b) = b - 1. Let o(i) = -g(i) - s(i). Give o(x).
-1
Let d(r) = r**3 + 3*r**2 - 5*r + 1. Suppose 49 = -2*f + 41. Determine d(f).
5
Let d be 14/(-7) - (-1 + 0). Let t(y) = y + 1. Let x(h) = -h**3 + 2*h**2 + h - 1. Let u(f) = d*x(f) + t(f). Calculate u(-2).
-14
Let d(o) = -34483*o**2 - 1 - 18 + 34481*o**2 - 20*o. Calculate d(-9).
-1
Let h be 11 + 1 + (-4 - -5). Let m = h + -7. Let o(u) = -18*u**2 - 4 + 9*u**2 + 10*u**2 - m*u. What is o(7)?
3
Suppose 9*b - 18*b = 0. Suppose v - 37 + 33 = b. Let a(d) be the third derivative of d**6/120 - d**5/15 + d**4/12 - 2*d**3/3 - d**2. Calculate a(v).
4
Let b be (-72)/(-7) - (-6)/(-21). Let l(t) = -t - 7. Give l(b).
-17
Let b(i) be the third derivative of i**7/840 + i**6/72 - i**5/24 + i**4/6 - 2*i**3/3 + 25*i**2. Let h(c) be the first derivative of b(c). Calculate h(-6).
-2
Suppose -6702*f - 45 = -6717*f. Let o(v) = -3*v + 2 - v**2 + 3*v**2 - 1. What is o(f)?
10
Let k(c) = c**3 + 8*c**2 - 10*c - 12. Let s = 879 + -888. Calculate k(s).
-3
Let d be 0/(-3)*(-4)/8 + 8. Let u(g) = g - 3. Let l be u(d). Let w(y) = y + 6. Give w(l).
11
Let q = 1 + 12. Let o(a) = a + q - 26 + 8. Calculate o(5).
0
Let u = -587 + 593. Let r(t) be the second derivative of t**4/12 - 2*t**3/3 + 9*t**2/2 - 12*t. Determine r(u).
21
Let k(j) = 2*j**2 - 2*j - 2. Let z be k(-1). Let u(h) = 3*h + 3 - z*h - 3*h. What is u(2)?
-1
Let a(u) = 4*u**2 - 8*u + 13. Let w(b) = -2*b**2 + 4*b - 6. Let t(m) = -2*a(m) - 5*w(m). Give t(3).
10
Let t(g) = -2*g + 1. Let f(k) = 1. Let c(a) = 3*f(a) + t(a). Let v be 34/(-9)*-1 + 20/90. Suppose 5*n - v*n + 9 = 2*x, -3*n - 23 = -5*x. Give c(x).
-4
Suppose 0 = 4*n - 7 - 9. Let c = n + 1. Let z(p) = -p**2 + 5*p - p + 2*p**2 - 2*p**2 - c. Give z(4).
-5
Let o(h) = h**3 + 7*h**2 + 6*h - 6. Let g be (-217)/35 + 2/10. What is o(g)?
-6
Let h(j) = 2*j**2 + j - 1. Let k be (-2)/3*3 + 5. Suppose -2*z + k = 1. Let b be h(z). Let w(d) = -2*d**3 + 3*d**2 - d + 2. Give w(b).
-4
Let z(m) = m - 3. Let d be z(2). Let g = 31 - 12. Let l(u) = -5*u + g*u + 42 - 41. Determine l(d).
-13
Let a = 12 + -7. Let o = -588 + 592. Let u(c) = -a + c + o - c - c. Calculate u(-7).
6
Let c(k) = 2*k + 1. Let n be c(1). Suppose -4*f - 8 = -3*a, n*f = 3*a + a - 13. Let v(t) = -151 + 78 + 70 + t. Give v(a).
1
Let k(l) = -4*l + l**2 - l - 9 - 12 + 16. Let a(f) be the second derivative of -f**4/12 - f**3/2 + 2*f**2 + 5*f. Let x be a(-3). Give k(x).
-9
Let x(j) = 1347 - 1347 + j. Let b(s) = -s**3 - 6*s**2 - 5*s - 6. Let t be b(-5). Determine x(t).
-6
Let j(q) be the first derivative of 2*q**2 - 4*q - 1. Let x be (-3 + 3 + 1)*-3. Determine j(x).
-16
Let d(k) be the first derivative of 2 + k - 1/6*k**3 + 0*k**2. Let c(w) be the first derivative of d(w). Calculate c(2).
-2
Let q(u) be the second derivative of u**4/12 + u**3/6 + u**2 + u. Let g be 0/(10 + (-22 - -10)). What is q(g)?
2
Let f(b) = b**2 - 4*b + 7. Let l be f(6). Let t = l - 14. Let d(z) = -z**3 + 6*z**2 - 3*z - 7. Determine d(t).
3
Let k(w) = -4*w - 4*w**2 + 3*w**2 - 3 + 2*w**2. Suppose 4 = -3*g - g, 0 = 5*a - 5*g - 50. Suppose -6 = -a*l + 8*l. Determine k(l).
9
Let j(d) = 25*d. Suppose -3*p - 16 = -13. Calculate j(p).
-25
Suppose -b + 54 = 70. Let q(g) = g**2 + 17*g + 16. Let s be q(b). Let u(o) = o**3 - o**2 + 16. Calculate u(s).
16
Let d be (-31 - -22)*(2/(-3) + 1). Let h(b) = 2 + 0*b - 2*b + 1. Calculate h(d).
9
Let a = -3 - -3. Let u(g) be the third derivative of -g**6/120 + g**5/60 + g**4/24 - g**3 + 35*g**2. Calculate u(a).
-6
Let m(n) = -n - 4. Suppose 5*j - 2*j = 12. Suppose 0 = 3*p - 5*z + 7, -3*p + j*z - 6 = 2. Give m(p).
0
Let d(z) be the first derivative of -z**2/2 - z + 3. Suppose -31 + 35 = -w. Give d(w).
3
Let g(r) = -r**2 + 8*r - 4. Let x = -234 + 242. What is g(x)?
-4
Let r(p) = -17*p - 1 - 1 + 1. Let q = -1646 - -1647. Calculate r(q).
-18
Let o be 0 - 2 - 200/(-50). Let l(m) be the second derivative of 1/6*m**3 + 0 + o*m - m**2. Give l(-2).
-4
Suppose 24 = 3*z - 7*k + 10*k, -5*z - 2*k = -34. Let p(j) = -j**3 + 5*j**2 + 7*j. Give p(z).
6
Let h(f) = -5*f - 4 + 6*f**2 + 3*f + 2*f**2 - 5*f**2 - 2*f**2. Give h(4).
4
Suppose -10*h - 10 + 70 = 0. Suppose 118*t = 120*t - h. Let m(v) = 9*v**2 + v - 1. Let j(o) = 4*o**2. Let i(z) = 7*j(z) - 3*m(z). Determine i(t).
3
Suppose -10*y = y - 979. Let l = -85 + y. Let o(h) = 9*h + 3. Let w(p) = 22*p + 8. Let v(z) = 12*o(z) - 5*w(z). What is v(l)?
-12
Let j(m) be the third derivative of -m**6/120 - m**5/15 + m**4/2 + m**3/3 + 16*m**2 + 6*m. What is j(-6)?
2
Let x(v) = -3*v**2 - 24*v - 4. Let s(y) = -y**2 - 8*y - 1. Suppose -40 = -5*c - 5*r, 2*c - 2*r = 11 + 5. Let o(i) = c*s(i) - 3*x(i). Calculate o(-6).
-8
Suppose 254 - 121 = -19*l. Let q(b) = -b**2 - 6*b + 11. Give q(l).
4
Let g(t) be the first derivative of -t**3/3 + 2*t**2 + 6*t + 6. Suppose 2*l - 53 + 43 = 0. What is g(l)?
1
Let l(i) = -8*i**3 - 10*i**2 + 15*i - 7. Let w(f) = 5*f**3 + 5*f**2 - 8*f + 3. Let m(o) = 3*l(o) + 5*w(o). What is m(4)?
-2
Let z(m) = -m**2 + m. Let i(x) = x**3 + 18*x**2 + 8*x + 8. Let j(r) = -i(r) - 5*z(r). Give j(-12).
4
Let x(f) = 5*f - 26. Let i = 4 - -2. Let r be x(i). Let a(t) = -t**3 + 4*t**2 + 4*t + 1. Give a(r).
17
Let m = -18 - -32. Suppose -2*l + m = 5*o + 4, -3*o + 33 = 3*l. Let r be l/(-5) - (1 + -2). Let h(f) = f**3 + f + 1. What is h(r)?
-9
Let l = -9 + 12. Let u(j) = -16*j + 6*j**2 + 5*j + 11*j - j**l. Let r = 16 - 10. Determine u(r).
0
Let w(h) = 0*h**2 - 3*h - 4*h**2 + h**3 + h**3 - 3*h**3 - 5. Suppose -3*q = -1 + 13. Give w(q).
7
Let z(l) = 8*l**3 - 3*l**2 + 5*l + 11. Let r(i) = -9*i**3 + 4*i**2 - 6*i - 14. Let x(m) = -3*r(m) - 4*z(m). Give x(-1).
5
Let s(p) be the third derivative of -p**8/6720 - p**7/420 + p**6/240 + p**5/20 + p**4/8 + 4*p**2. Let k(x) be the second derivative of s(x). Give k(-6).
-12
Let d(g) = -40*g + 11. Let j(b) = 18*b - 5. Let s(l) = -4*d(l) - 9*j(l). Let p(n) = -n**2 - 5*n + 5. Let k be p(-5). Determine s(k).
-9
Let l(p) = -7 - 11 + 21 - p. Give l(5).
-2
Let q(o) = 2*o**2 - 10*o - 6*o + 32*o + 4 - 13*o. Give q(-3).
13
Let k(p) = -25*p**2 - 7*p + 9. Let y(u) = -56*u**2 - 14*u + 17. Let s(z) = -9*k(z) + 4*y(z). What is s(-9)?
5
Let y(o) = -7 - 17*o + 16*o + 1. Let p be (-3)/(0 - -3) - -7. Let m = p - 9. Give y(m).
-3
Let n(a) be the first derivative of 2*a**3/3 + a**2 - a - 177. Give n(-2).
3
Let f(k) = -15*k - 7 - 11*k + 32*k. Let i(z) = 5*z - 6. Let u(t) = 4*f(t) - 5*i(t). Suppose -4*x + 0*x = 0. Give u(x).
2
Let i(s) = -2*s + 5. Let n(p) = p - 3. Let d(o) = -o**3 - 4*o**2 + 12*o - 3. Let z be d(-6). Let c(g) = z*i(g) - 5*n(g). What is c(0)?
0
Let b(r) = 5*r + 14. Let c(w) = w - 1. Let k(h) = b(h) - 4*c(h). Determine k(-8).
10
Let d(t) be the third derivative of -t**4/12 - 2*t**3/3 + 2*t**2. Suppose -5*m + m = l - 17, 2*m - 2*l + 4 = 0. Suppose m = -j + 6. Calculate d(j).
-10
Let h(a) = -9*a - 1. Suppose 7*g - 39 = 3*g + 3*z, 5*g - 5*z = 55. Suppose 4 = 2*r - g*r. What is h(r)?
8
Let k(h) = h**2 + 4*h + 5. Let p be 2 + 1*(0 + 4/(-2)). Let a be -3 - ((-3 - p) + 5). Determine k(a).
10
Let r(b) = -b**2 + b - 2. Let x(i) = 3*i**2 - 2*i + 5. Let a(j) = -8*r(j) - 3*x(j). Determine a(2).
-7
Suppose 5*v = 5*d + 35, -4*v - 4 = -2*d + 6*d. Suppose -q - a + 3 = 0, 5*q - v*a + 7*a = 12. Let f(c) = -c**2 + c - 7. Determine f(q).
-7
Let z(k) = k - 8. Let j(d) = -d**2 - 12*d - 17. Let a be j(-9). Calculate z(a).
2
Suppose 6 = -2*k - 6. Let z(j) = 5*j - 34. Let l(h) = 4*h - 23. Let y(d) = 7*l(d) - 5*z(d). Determine y(k).
-9
Let i(y) be the third derivative of y**7/840 - y**6/72 - y**5/20 - 7*y**4/24 - 17*y**3/6 - 2*y**2. Let k(h) be the first derivative of i(h). Calculate k(6).
-7
Let z(t) = -t**3 - 17*t**2 - 19*t + 13. Let c(y) = -2*y**2 - y - 1. Let d(u) = -3*c(u